{"id":10620,"date":"2019-08-25T11:36:30","date_gmt":"2019-08-25T09:36:30","guid":{"rendered":"http:\/\/opticagracia.com\/?post_type=product&#038;p=10620"},"modified":"2025-02-18T19:00:10","modified_gmt":"2025-02-18T18:00:10","slug":"michael-kors-2024-316011","status":"publish","type":"product","link":"https:\/\/www.opticagracia.com\/ca\/producto\/michael-kors-2024-316011\/","title":{"rendered":"Ulleres de sol Michael Kors 2024 316011"},"content":{"rendered":"<p>Ulleres de sol Michael Kors 2024 ADRIANNA II s\u00f3n d&#039;acetat natural de tons negres i grisos, s\u00f3n quadrades amb cantons arrodonits que suavitzen les l\u00ednies i trets de la cara.<\/p>","protected":false},"excerpt":{"rendered":"<p>Ulleres de sol Michael Kors 2024 ADRIANNA II s\u00f3n d&#039;acetat natural de tons negres i grisos, s\u00f3n quadrades amb cantons arrodonits que suavitzen les l\u00ednies i trets de la cara.<\/p>\n<ul>\n<li><span class=\"specific-info frontColor\" data-frontcolor=\"havana\">Fam\u00edlia frontal color: negre<\/span><\/li>\n<li><span class=\"specific-info\"> Material de lents acetat<\/span><\/li>\n<li><span class=\"specific-info\"> Propietat lents: est\u00e0ndard<\/span><\/li>\n<li><span class=\"specific-info\"> Color lents: gris degradat<\/span><\/li>\n<li><span class=\"specific-info\"> Nota d&#039;informaci\u00f3 3n <\/span> <span class=\"specific-info\"> %<\/span><\/li>\n<li><span class=\"specific-info\"> Transmissi\u00f3 16 <\/span><\/li>\n<\/ul>","protected":false},"featured_media":10621,"template":"","meta":[],"product_brand":[1066],"product_cat":[829,579,206,582,828],"product_tag":[],"class_list":{"0":"post-10620","1":"product","2":"type-product","3":"status-publish","4":"has-post-thumbnail","6":"product_brand-michael-kors","7":"product_cat-forma","8":"product_cat-gafas-cuadradas","9":"product_cat-gafas-mujer","10":"product_cat-gafas-de-pantalla","11":"product_cat-menu","13":"first","14":"outofstock","15":"taxable","16":"shipping-taxable","17":"purchasable","18":"product-type-simple"},"_links":{"self":[{"href":"https:\/\/www.opticagracia.com\/ca\/wp-json\/wp\/v2\/product\/10620","targetHints":{"allow":["GET"]}}],"collection":[{"href":"https:\/\/www.opticagracia.com\/ca\/wp-json\/wp\/v2\/product"}],"about":[{"href":"https:\/\/www.opticagracia.com\/ca\/wp-json\/wp\/v2\/types\/product"}],"wp:featuredmedia":[{"embeddable":true,"href":"https:\/\/www.opticagracia.com\/ca\/wp-json\/wp\/v2\/media\/10621"}],"wp:attachment":[{"href":"https:\/\/www.opticagracia.com\/ca\/wp-json\/wp\/v2\/media?parent=10620"}],"wp:term":[{"taxonomy":"product_brand","embeddable":true,"href":"https:\/\/www.opticagracia.com\/ca\/wp-json\/wp\/v2\/product_brand?post=10620"},{"taxonomy":"product_cat","embeddable":true,"href":"https:\/\/www.opticagracia.com\/ca\/wp-json\/wp\/v2\/product_cat?post=10620"},{"taxonomy":"product_tag","embeddable":true,"href":"https:\/\/www.opticagracia.com\/ca\/wp-json\/wp\/v2\/product_tag?post=10620"}],"curies":[{"name":"wp","href":"https:\/\/api.w.org\/{rel}","templated":true}]}}

<p>Ulleres de sol Michael Kors 2024 ADRIANNA II són d&#039;acetat natural de tons negres i grisos, són quadrades amb cantons arrodonits que suavitzen les línies i trets de la cara.</p>

<p>Ulleres de sol Michael Kors 2024 ADRIANNA II són d&#039;acetat natural de tons negres i grisos, són quadrades amb cantons arrodonits que suavitzen les línies i trets de la cara.</p>
<ul>
<li><span class="specific-info frontColor" data-frontcolor="havana">Família frontal color: negre</span></li>
<li><span class="specific-info"> Material de lents acetat</span></li>
<li><span class="specific-info"> Propietat lents: estàndard</span></li>
<li><span class="specific-info"> Color lents: gris degradat</span></li>
<li><span class="specific-info"> Nota d&#039;informació 3n </span> <span class="specific-info"> %</span></li>
<li><span class="specific-info"> Transmissió 16 </span></li>
</ul>
