{"id":18876,"date":"2024-12-06T11:23:31","date_gmt":"2024-12-06T10:23:31","guid":{"rendered":"https:\/\/www.opticagracia.com\/?post_type=product&#038;p=18876"},"modified":"2025-09-04T11:04:33","modified_gmt":"2025-09-04T09:04:33","slug":"gafas-de-sol-carrera-1062-rzz","status":"publish","type":"product","link":"https:\/\/www.opticagracia.com\/ca\/producto\/gafas-de-sol-carrera-1062-rzz\/","title":{"rendered":"Ulleres de sol Carrera 1062 RZZ"},"content":{"rendered":"<p>Aquestes ulleres de sol, plenes d&#039;elements distintius Carrera, ja s\u00f3n un article de col\u00b7leccionista. La placa C ic\u00f2nica apareix al front i al centre, emmarcada al doble pont de metall de la muntura d&#039;aviador met\u00e0l\u00b7lica. Les varetes de metall es rematen amb el logotip de Carrera amb relleu i es completen amb terminals llargs en acetat. Tria entre paletes de colors diferents, inclosos fronts en dos colors i lents polaritzades i ultrapolars.<\/p>\n<p>Ulleres de sol Carrera 1062\/S RZZ, estil aviador rectangular geom\u00e8trica de metall daurat combinat amb acetat negre a les varetes i lents negre polaritzat de m\u00e0xima protecci\u00f3.<\/p>","protected":false},"excerpt":{"rendered":"<p>Ulleres de sol Carrera 1062\/S RZZ, estil aviador rectangular geom\u00e8trica de metall daurat combinat amb acetat negre a les varetes i lents negre polaritzat de m\u00e0xima protecci\u00f3.<\/p>","protected":false},"featured_media":18877,"template":"","meta":[],"product_brand":[1063],"product_cat":[829,584,579,895,911,914,585,205,586,814,828],"product_tag":[],"class_list":{"0":"post-18876","1":"product","2":"type-product","3":"status-publish","4":"has-post-thumbnail","6":"product_brand-carrera","7":"product_cat-forma","8":"product_cat-gafas-aviador","9":"product_cat-gafas-cuadradas","10":"product_cat-gafas-de-sol","11":"product_cat-gafas-de-sol-hombre","12":"product_cat-gafas-de-sol-unisex","13":"product_cat-gafas-doble-puente","14":"product_cat-gafas-hombre","15":"product_cat-gafas-rectangulares","16":"product_cat-gafas-unisex","17":"product_cat-menu","19":"first","20":"outofstock","21":"taxable","22":"shipping-taxable","23":"purchasable","24":"product-type-simple"},"_links":{"self":[{"href":"https:\/\/www.opticagracia.com\/ca\/wp-json\/wp\/v2\/product\/18876","targetHints":{"allow":["GET"]}}],"collection":[{"href":"https:\/\/www.opticagracia.com\/ca\/wp-json\/wp\/v2\/product"}],"about":[{"href":"https:\/\/www.opticagracia.com\/ca\/wp-json\/wp\/v2\/types\/product"}],"wp:featuredmedia":[{"embeddable":true,"href":"https:\/\/www.opticagracia.com\/ca\/wp-json\/wp\/v2\/media\/18877"}],"wp:attachment":[{"href":"https:\/\/www.opticagracia.com\/ca\/wp-json\/wp\/v2\/media?parent=18876"}],"wp:term":[{"taxonomy":"product_brand","embeddable":true,"href":"https:\/\/www.opticagracia.com\/ca\/wp-json\/wp\/v2\/product_brand?post=18876"},{"taxonomy":"product_cat","embeddable":true,"href":"https:\/\/www.opticagracia.com\/ca\/wp-json\/wp\/v2\/product_cat?post=18876"},{"taxonomy":"product_tag","embeddable":true,"href":"https:\/\/www.opticagracia.com\/ca\/wp-json\/wp\/v2\/product_tag?post=18876"}],"curies":[{"name":"wp","href":"https:\/\/api.w.org\/{rel}","templated":true}]}}

<p>Aquestes ulleres de sol, plenes d&#039;elements distintius Carrera, ja són un article de col·leccionista. La placa C icònica apareix al front i al centre, emmarcada al doble pont de metall de la muntura d&#039;aviador metàl·lica. Les varetes de metall es rematen amb el logotip de Carrera amb relleu i es completen amb terminals llargs en acetat. Tria entre paletes de colors diferents, inclosos fronts en dos colors i lents polaritzades i ultrapolars.</p>
<p>Ulleres de sol Carrera 1062/S RZZ, estil aviador rectangular geomètrica de metall daurat combinat amb acetat negre a les varetes i lents negre polaritzat de màxima protecció.</p>

<p>Ulleres de sol Carrera 1062/S RZZ, estil aviador rectangular geomètrica de metall daurat combinat amb acetat negre a les varetes i lents negre polaritzat de màxima protecció.</p>
