{"id":19066,"date":"2024-12-12T17:37:56","date_gmt":"2024-12-12T16:37:56","guid":{"rendered":"https:\/\/www.opticagracia.com\/?post_type=product&#038;p=19066"},"modified":"2026-04-19T08:55:27","modified_gmt":"2026-04-19T06:55:27","slug":"gafas-de-sol-gucci-1593-001","status":"publish","type":"product","link":"https:\/\/www.opticagracia.com\/ca\/producto\/gafas-de-sol-gucci-1593-001\/","title":{"rendered":"Ulleres de sol Gucci 1593 001"},"content":{"rendered":"<p>Gucci \u00e9s una firma de luxe italiana fundada a Flor\u00e8ncia el 1921, dedicada al disseny i fabricaci\u00f3 d&#039;articles de moda, entre ells les col\u00b7leccions d&#039;ulleres dona i home, que ens permeten entrar al m\u00f3n del luxe a preus accessibles.<\/p>\n<p>La col\u00b7lecci\u00f3 de Gucci destaca per les seves formes i colors atrevits.<\/p>\n<p>Ulleres de sol Gucci 1593 001 hexagonals combinades al frontal en metall daurat i les varetes en pasta negra amb el logotip de la marca al lateral d&#039;ambdues varetes amb relleu daurat i lents en gris fosc.<\/p>","protected":false},"excerpt":{"rendered":"<p>Ulleres de sol Gucci 1593 001 hexagonals combinades al frontal en metall daurat i les varetes en pasta negra amb el logotip de la marca al lateral d&#039;ambdues varetes amb relleu daurat i lents en gris fosc.<\/p>","protected":false},"featured_media":19067,"template":"","meta":[],"product_brand":[1050],"product_cat":[895],"product_tag":[],"class_list":{"0":"post-19066","1":"product","2":"type-product","3":"status-publish","4":"has-post-thumbnail","6":"product_brand-gucci","7":"product_cat-gafas-de-sol","8":"pa_color-dorado","9":"pa_color-negro","10":"pa_forma-hexagonal","11":"pa_genero-mujer","12":"pa_material-combinado","14":"first","15":"instock","16":"taxable","17":"shipping-taxable","18":"purchasable","19":"product-type-simple"},"_links":{"self":[{"href":"https:\/\/www.opticagracia.com\/ca\/wp-json\/wp\/v2\/product\/19066","targetHints":{"allow":["GET"]}}],"collection":[{"href":"https:\/\/www.opticagracia.com\/ca\/wp-json\/wp\/v2\/product"}],"about":[{"href":"https:\/\/www.opticagracia.com\/ca\/wp-json\/wp\/v2\/types\/product"}],"wp:featuredmedia":[{"embeddable":true,"href":"https:\/\/www.opticagracia.com\/ca\/wp-json\/wp\/v2\/media\/19067"}],"wp:attachment":[{"href":"https:\/\/www.opticagracia.com\/ca\/wp-json\/wp\/v2\/media?parent=19066"}],"wp:term":[{"taxonomy":"product_brand","embeddable":true,"href":"https:\/\/www.opticagracia.com\/ca\/wp-json\/wp\/v2\/product_brand?post=19066"},{"taxonomy":"product_cat","embeddable":true,"href":"https:\/\/www.opticagracia.com\/ca\/wp-json\/wp\/v2\/product_cat?post=19066"},{"taxonomy":"product_tag","embeddable":true,"href":"https:\/\/www.opticagracia.com\/ca\/wp-json\/wp\/v2\/product_tag?post=19066"}],"curies":[{"name":"wp","href":"https:\/\/api.w.org\/{rel}","templated":true}]}}

<p>Gucci és una firma de luxe italiana fundada a Florència el 1921, dedicada al disseny i fabricació d&#039;articles de moda, entre ells les col·leccions d&#039;ulleres dona i home, que ens permeten entrar al món del luxe a preus accessibles.</p>
<p>La col·lecció de Gucci destaca per les seves formes i colors atrevits.</p>
<p>Ulleres de sol Gucci 1593 001 hexagonals combinades al frontal en metall daurat i les varetes en pasta negra amb el logotip de la marca al lateral d&#039;ambdues varetes amb relleu daurat i lents en gris fosc.</p>
