{"id":17396,"date":"2023-01-17T19:12:46","date_gmt":"2023-01-17T18:12:46","guid":{"rendered":"https:\/\/www.opticagracia.com\/?post_type=product&#038;p=17396"},"modified":"2025-12-03T18:31:17","modified_gmt":"2025-12-03T17:31:17","slug":"gafas-de-sol-prada-24xs-07r0a6","status":"publish","type":"product","link":"https:\/\/www.opticagracia.com\/fr\/producto\/gafas-de-sol-prada-24xs-07r0a6\/","title":{"rendered":"Lunettes de soleil Prada 24XS 07R0A6"},"content":{"rendered":"<p>Les lunettes de soleil Prada capturent l'essence de l'\u00e9l\u00e9gance moderne et de la sophistication vintage. Vous pourrez choisir les lunettes de soleil qui conviennent \u00e0 votre style gr\u00e2ce \u00e0 la grande vari\u00e9t\u00e9 de styles et de couleurs propos\u00e9e par la marque de mode. Montrez au monde votre style unique avec les lunettes de soleil Prada.<\/p>\n<ul>\n<li><span class=\"specific-info frontColor\" data-frontcolor=\"negro\">Famille de couleurs avant : Caramel \u00e9caille de tortue<br \/>\n<\/span><\/li>\n<li><span class=\"specific-info\">Mat\u00e9riau de l'oculaire : Organique<br \/>\n<\/span><\/li>\n<li><span class=\"specific-info\">Lentilles de propri\u00e9t\u00e9 : Standard<\/span><\/li>\n<li><span class=\"specific-info\">Couleur des verres : Marron d\u00e9grad\u00e9<br \/>\n<\/span><\/li>\n<li><span class=\"specific-info\">Note d'information 2n <\/span><span class=\"specific-info\"><br \/>\n<\/span><\/li>\n<\/ul>","protected":false},"excerpt":{"rendered":"<p>Lunettes Prada mod\u00e8le 24XS 07R0A6 de forme carr\u00e9e en \u00e9caille caramel avec branches rose pastel. Verres marron d\u00e9grad\u00e9s.<\/p>","protected":false},"featured_media":17397,"template":"","meta":[],"product_brand":[1060],"product_cat":[829,579,895,912,206,586,828],"product_tag":[],"class_list":{"0":"post-17396","1":"product","2":"type-product","3":"status-publish","4":"has-post-thumbnail","6":"product_brand-prada","7":"product_cat-forma","8":"product_cat-gafas-cuadradas","9":"product_cat-gafas-de-sol","10":"product_cat-gafas-de-sol-mujer","11":"product_cat-gafas-mujer","12":"product_cat-gafas-rectangulares","13":"product_cat-menu","15":"first","16":"outofstock","17":"taxable","18":"shipping-taxable","19":"purchasable","20":"product-type-simple"},"_links":{"self":[{"href":"https:\/\/www.opticagracia.com\/fr\/wp-json\/wp\/v2\/product\/17396","targetHints":{"allow":["GET"]}}],"collection":[{"href":"https:\/\/www.opticagracia.com\/fr\/wp-json\/wp\/v2\/product"}],"about":[{"href":"https:\/\/www.opticagracia.com\/fr\/wp-json\/wp\/v2\/types\/product"}],"wp:featuredmedia":[{"embeddable":true,"href":"https:\/\/www.opticagracia.com\/fr\/wp-json\/wp\/v2\/media\/17397"}],"wp:attachment":[{"href":"https:\/\/www.opticagracia.com\/fr\/wp-json\/wp\/v2\/media?parent=17396"}],"wp:term":[{"taxonomy":"product_brand","embeddable":true,"href":"https:\/\/www.opticagracia.com\/fr\/wp-json\/wp\/v2\/product_brand?post=17396"},{"taxonomy":"product_cat","embeddable":true,"href":"https:\/\/www.opticagracia.com\/fr\/wp-json\/wp\/v2\/product_cat?post=17396"},{"taxonomy":"product_tag","embeddable":true,"href":"https:\/\/www.opticagracia.com\/fr\/wp-json\/wp\/v2\/product_tag?post=17396"}],"curies":[{"name":"wp","href":"https:\/\/api.w.org\/{rel}","templated":true}]}}

<p>Les lunettes de soleil Prada capturent l'essence de l'élégance moderne et de la sophistication vintage. Vous pourrez choisir les lunettes de soleil qui conviennent à votre style grâce à la grande variété de styles et de couleurs proposée par la marque de mode. Montrez au monde votre style unique avec les lunettes de soleil Prada.</p>
<ul>
<li><span class="specific-info frontColor" data-frontcolor="negro">Famille de couleurs avant : Caramel écaille de tortue<br />
</span></li>
<li><span class="specific-info">Matériau de l'oculaire : Organique<br />
</span></li>
<li><span class="specific-info">Lentilles de propriété : Standard</span></li>
<li><span class="specific-info">Couleur des verres : Marron dégradé<br />
</span></li>
<li><span class="specific-info">Note d'information 2n </span><span class="specific-info"><br />
</span></li>
</ul>

<p>Lunettes Prada modèle 24XS 07R0A6 de forme carrée en écaille caramel avec branches rose pastel. Verres marron dégradés.</p>
