{"id":17859,"date":"2023-04-27T18:59:00","date_gmt":"2023-04-27T16:59:00","guid":{"rendered":"https:\/\/www.opticagracia.com\/?post_type=product&#038;p=17859"},"modified":"2025-02-12T11:41:53","modified_gmt":"2025-02-12T10:41:53","slug":"asesoria-de-imagen-visual-en-gafas-de-moda-y-vision","status":"publish","type":"product","link":"https:\/\/www.opticagracia.com\/fr\/producto\/asesoria-de-imagen-visual-en-gafas-de-moda-y-vision\/","title":{"rendered":"Conseil en image visuelle - Lunettes et vision - 30 MINUTES"},"content":{"rendered":"<p>Je suis Monica \u00d3PTICA-optom\u00e9triste, conseill\u00e8re en image pour les lunettes et la sant\u00e9 visuelle.<\/p>\n<p>J'aide les professionnels, les entrepreneurs et les gens d'affaires \u00e0 r\u00e9ussir et \u00e0 vendre davantage en choisissant les lunettes qui communiquent l'essence de leur personnalit\u00e9 et am\u00e9liorent leur qualit\u00e9 de vision.<\/p>\n<p><span style=\"color: #3366ff;\">COMMENT FAIRE ?<\/span><\/p>\n<p>Une fois le paiement effectu\u00e9, nous nous appellerons pour fixer le rendez-vous de 30 minutes que nous aurons plus tard en streaming (ZOOM ou GOOGLE MEETS) o\u00f9 je serai avec vous pour vous conseiller personnellement. ON SE VOIT \u00c0 L'INT\u00c9RIEUR \ud83d\ude42<\/p>\n<p><span style=\"color: #3366ff;\">JE LIVRE :<\/span><\/p>\n<p>Un guide r\u00e9capitulatif de ce que nous avons vu au cours de la session<\/p>\n<p>Liens directs pour essayer dans VIRTUAL MIRROR TESTER, les mod\u00e8les de lunettes que j'ai s\u00e9lectionn\u00e9s pour vous.<\/p>\n<p>ACC\u00c8S \u00c0 -20 % DE REMISE sur l'achat des lunettes si vous d\u00e9cidez de les acheter chez moi (\u00d2PTICA GR\u00c0CIA).<\/p>\n<p>&nbsp;<\/p>\n<p><span style=\"color: #3366ff;\">APPRENEZ \u00c0 ME CONNA\u00ceTRE :<\/span><\/p>\n<p>Je suis opticien-optom\u00e9triste depuis plus de 28 ans, sp\u00e9cialiste de la sant\u00e9 visuelle et conseiller en image personnelle, sp\u00e9cialis\u00e9 dans les lunettes tendance et les lunettes progressives.<\/p>\n<p>Je vous aide \u00e0 am\u00e9liorer votre image visuelle avec des lunettes \u00e0 la mode, tout en prenant soin de votre sant\u00e9 oculaire.<\/p>\n<p>Vous souhaitez vendre davantage et mieux communiquer ?<\/p>\n<p>Je vous conseille personnellement pour que vous puissiez am\u00e9liorer votre image en trouvant les lunettes parfaites qui vous aideront \u00e0 mieux transmettre votre essence et votre personnalit\u00e9 afin que vous puissiez vendre plus en communiquant mieux.<\/p>\n<p>Je conseille personnellement aux hommes d'affaires et aux entrepreneurs qui travaillent devant le public et apparaissent \u00e0 l'\u00e9cran de choisir les bonnes lunettes pour communiquer efficacement, en analysant leur visage, la couleur de leurs cheveux et de leur peau, ainsi que leurs besoins visuels.<\/p>\n<p>Je trouve facilement les lunettes parfaites pour vous afin d'am\u00e9liorer votre communication et votre image personnelle, en transmettant professionnalisme, s\u00e9curit\u00e9 et confiance, tout en obtenant une meilleure performance visuelle.<\/p>","protected":false},"excerpt":{"rendered":"<p>PRENONS RENDEZ-VOUS ?  SERVICE PREMIUM, cliquez sur ACHETER pour obtenir une CONSULTATION PRIV\u00c9E EN LIGNE ou EN PERSONNE (VOUS CHOISISSEZ).<\/p>\n<p>Je suis Monica \u00d3PTICA-optom\u00e9triste, conseill\u00e8re en image pour les lunettes et la sant\u00e9 visuelle.<\/p>","protected":false},"featured_media":17993,"template":"","meta":[],"product_brand":[],"product_cat":[948,848,907,909,910,908,828],"product_tag":[],"class_list":{"0":"post-17859","1":"product","2":"type-product","3":"status-publish","4":"has-post-thumbnail","6":"product_cat-asesoria","7":"product_cat-gafas-graduadas","8":"product_cat-gafas-graduadas-hombre","9":"product_cat-gafas-graduadas-infantiles","10":"product_cat-gafas-graduadas-unisex","11":"product_cat-gafas-graduadas-mujer","12":"product_cat-menu","14":"first","15":"instock","16":"taxable","17":"shipping-taxable","18":"purchasable","19":"product-type-simple"},"_links":{"self":[{"href":"https:\/\/www.opticagracia.com\/fr\/wp-json\/wp\/v2\/product\/17859","targetHints":{"allow":["GET"]}}],"collection":[{"href":"https:\/\/www.opticagracia.com\/fr\/wp-json\/wp\/v2\/product"}],"about":[{"href":"https:\/\/www.opticagracia.com\/fr\/wp-json\/wp\/v2\/types\/product"}],"wp:featuredmedia":[{"embeddable":true,"href":"https:\/\/www.opticagracia.com\/fr\/wp-json\/wp\/v2\/media\/17993"}],"wp:attachment":[{"href":"https:\/\/www.opticagracia.com\/fr\/wp-json\/wp\/v2\/media?parent=17859"}],"wp:term":[{"taxonomy":"product_brand","embeddable":true,"href":"https:\/\/www.opticagracia.com\/fr\/wp-json\/wp\/v2\/product_brand?post=17859"},{"taxonomy":"product_cat","embeddable":true,"href":"https:\/\/www.opticagracia.com\/fr\/wp-json\/wp\/v2\/product_cat?post=17859"},{"taxonomy":"product_tag","embeddable":true,"href":"https:\/\/www.opticagracia.com\/fr\/wp-json\/wp\/v2\/product_tag?post=17859"}],"curies":[{"name":"wp","href":"https:\/\/api.w.org\/{rel}","templated":true}]}}

<p>Je suis Monica ÓPTICA-optométriste, conseillère en image pour les lunettes et la santé visuelle.</p>
<p>J'aide les professionnels, les entrepreneurs et les gens d'affaires à réussir et à vendre davantage en choisissant les lunettes qui communiquent l'essence de leur personnalité et améliorent leur qualité de vision.</p>
<p><span style="color: #3366ff;">COMMENT FAIRE ?</span></p>
<p>Une fois le paiement effectué, nous nous appellerons pour fixer le rendez-vous de 30 minutes que nous aurons plus tard en streaming (ZOOM ou GOOGLE MEETS) où je serai avec vous pour vous conseiller personnellement. ON SE VOIT À L'INTÉRIEUR 🙂</p>
<p><span style="color: #3366ff;">JE LIVRE :</span></p>
<p>Un guide récapitulatif de ce que nous avons vu au cours de la session</p>
<p>Liens directs pour essayer dans VIRTUAL MIRROR TESTER, les modèles de lunettes que j'ai sélectionnés pour vous.</p>
<p>ACCÈS À -20 % DE REMISE sur l'achat des lunettes si vous décidez de les acheter chez moi (ÒPTICA GRÀCIA).</p>
<p>&nbsp;</p>
<p><span style="color: #3366ff;">APPRENEZ À ME CONNAÎTRE :</span></p>
<p>Je suis opticien-optométriste depuis plus de 28 ans, spécialiste de la santé visuelle et conseiller en image personnelle, spécialisé dans les lunettes tendance et les lunettes progressives.</p>
<p>Je vous aide à améliorer votre image visuelle avec des lunettes à la mode, tout en prenant soin de votre santé oculaire.</p>
<p>Vous souhaitez vendre davantage et mieux communiquer ?</p>
<p>Je vous conseille personnellement pour que vous puissiez améliorer votre image en trouvant les lunettes parfaites qui vous aideront à mieux transmettre votre essence et votre personnalité afin que vous puissiez vendre plus en communiquant mieux.</p>
<p>Je conseille personnellement aux hommes d'affaires et aux entrepreneurs qui travaillent devant le public et apparaissent à l'écran de choisir les bonnes lunettes pour communiquer efficacement, en analysant leur visage, la couleur de leurs cheveux et de leur peau, ainsi que leurs besoins visuels.</p>
<p>Je trouve facilement les lunettes parfaites pour vous afin d'améliorer votre communication et votre image personnelle, en transmettant professionnalisme, sécurité et confiance, tout en obtenant une meilleure performance visuelle.</p>

<p>PRENONS RENDEZ-VOUS ?  SERVICE PREMIUM, cliquez sur ACHETER pour obtenir une CONSULTATION PRIVÉE EN LIGNE ou EN PERSONNE (VOUS CHOISISSEZ).</p>
<p>Je suis Monica ÓPTICA-optométriste, conseillère en image pour les lunettes et la santé visuelle.</p>
