{"id":18705,"date":"2024-11-02T18:39:55","date_gmt":"2024-11-02T17:39:55","guid":{"rendered":"https:\/\/www.opticagracia.com\/?post_type=product&#038;p=18705"},"modified":"2026-04-22T16:44:01","modified_gmt":"2026-04-22T14:44:01","slug":"gafas-de-sol-carrera-1069-s-2m2","status":"publish","type":"product","link":"https:\/\/www.opticagracia.com\/fr\/producto\/gafas-de-sol-carrera-1069-s-2m2\/","title":{"rendered":"Lunettes de soleil Carrera 1069\/S 2M2"},"content":{"rendered":"<p>Lunettes de soleil Carrera 1069\/S 2M2 de style aviateur g\u00e9om\u00e9trique rectangulaire en m\u00e9tal dor\u00e9 combin\u00e9 \u00e0 de l'ac\u00e9tate noir brillant et des verres d\u00e9grad\u00e9s bleus.<\/p>","protected":false},"excerpt":{"rendered":"<p>Lunettes de soleil Carrera 1069\/S 2M2 de style aviateur g\u00e9om\u00e9trique rectangulaire en m\u00e9tal dor\u00e9 combin\u00e9 \u00e0 de l'ac\u00e9tate noir brillant et des verres d\u00e9grad\u00e9s bleus.<\/p>","protected":false},"featured_media":18706,"template":"","meta":[],"product_brand":[1063],"product_cat":[895],"product_tag":[],"class_list":{"0":"post-18705","1":"product","2":"type-product","3":"status-publish","4":"has-post-thumbnail","6":"product_brand-carrera","7":"product_cat-gafas-de-sol","8":"pa_color-dorado","9":"pa_color-negro","10":"pa_forma-rectangular","11":"pa_genero-hombre","12":"pa_material-acetato","13":"pa_material-combinado","14":"pa_material-metal","16":"first","17":"instock","18":"taxable","19":"shipping-taxable","20":"purchasable","21":"product-type-simple"},"_links":{"self":[{"href":"https:\/\/www.opticagracia.com\/fr\/wp-json\/wp\/v2\/product\/18705","targetHints":{"allow":["GET"]}}],"collection":[{"href":"https:\/\/www.opticagracia.com\/fr\/wp-json\/wp\/v2\/product"}],"about":[{"href":"https:\/\/www.opticagracia.com\/fr\/wp-json\/wp\/v2\/types\/product"}],"wp:featuredmedia":[{"embeddable":true,"href":"https:\/\/www.opticagracia.com\/fr\/wp-json\/wp\/v2\/media\/18706"}],"wp:attachment":[{"href":"https:\/\/www.opticagracia.com\/fr\/wp-json\/wp\/v2\/media?parent=18705"}],"wp:term":[{"taxonomy":"product_brand","embeddable":true,"href":"https:\/\/www.opticagracia.com\/fr\/wp-json\/wp\/v2\/product_brand?post=18705"},{"taxonomy":"product_cat","embeddable":true,"href":"https:\/\/www.opticagracia.com\/fr\/wp-json\/wp\/v2\/product_cat?post=18705"},{"taxonomy":"product_tag","embeddable":true,"href":"https:\/\/www.opticagracia.com\/fr\/wp-json\/wp\/v2\/product_tag?post=18705"}],"curies":[{"name":"wp","href":"https:\/\/api.w.org\/{rel}","templated":true}]}}

<p>Lunettes de soleil Carrera 1069/S 2M2 de style aviateur géométrique rectangulaire en métal doré combiné à de l'acétate noir brillant et des verres dégradés bleus.</p>
