{"id":18980,"date":"2024-12-09T16:46:29","date_gmt":"2024-12-09T15:46:29","guid":{"rendered":"https:\/\/www.opticagracia.com\/?post_type=product&#038;p=18980"},"modified":"2026-04-27T14:58:32","modified_gmt":"2026-04-27T12:58:32","slug":"gafas-de-sol-furla-787-07ux","status":"publish","type":"product","link":"https:\/\/www.opticagracia.com\/fr\/producto\/gafas-de-sol-furla-787-07ux\/","title":{"rendered":"Lunettes de soleil Furla 787 07UX"},"content":{"rendered":"<p>La prestigieuse marque de mode italienne Furla, connue pour sa magnifique collection d'accessoires et notamment ses sacs \u00e0 main \u00e0 succ\u00e8s, nous surprend avec une belle collection de montures de lunettes de soleil et de lunettes de vue.<\/p>\n<p>Lunettes de soleil Furla 787 07UX, lunettes de soleil en m\u00e9tal de forme g\u00e9om\u00e9trique avec un embellissement en p\u00e2te de part et d'autre des verres avec un imprim\u00e9 animal et des verres en d\u00e9grad\u00e9 de violet \u00e0 orange.<\/p>","protected":false},"excerpt":{"rendered":"<p>Lunettes de soleil Furla 787 07UX, lunettes de soleil en m\u00e9tal de forme g\u00e9om\u00e9trique avec un embellissement en p\u00e2te de part et d'autre des verres avec un imprim\u00e9 animal et des verres en d\u00e9grad\u00e9 de violet \u00e0 orange.<\/p>","protected":false},"featured_media":18981,"template":"","meta":[],"product_brand":[1051],"product_cat":[895],"product_tag":[],"class_list":{"0":"post-18980","1":"product","2":"type-product","3":"status-publish","4":"has-post-thumbnail","6":"product_brand-furla","7":"product_cat-gafas-de-sol","8":"pa_color-dorado","9":"pa_color-marron","10":"pa_forma-geometrica","11":"pa_genero-mujer","12":"pa_material-acetato","13":"pa_material-combinado","14":"pa_material-metal","16":"first","17":"instock","18":"taxable","19":"shipping-taxable","20":"purchasable","21":"product-type-simple"},"_links":{"self":[{"href":"https:\/\/www.opticagracia.com\/fr\/wp-json\/wp\/v2\/product\/18980","targetHints":{"allow":["GET"]}}],"collection":[{"href":"https:\/\/www.opticagracia.com\/fr\/wp-json\/wp\/v2\/product"}],"about":[{"href":"https:\/\/www.opticagracia.com\/fr\/wp-json\/wp\/v2\/types\/product"}],"wp:featuredmedia":[{"embeddable":true,"href":"https:\/\/www.opticagracia.com\/fr\/wp-json\/wp\/v2\/media\/18981"}],"wp:attachment":[{"href":"https:\/\/www.opticagracia.com\/fr\/wp-json\/wp\/v2\/media?parent=18980"}],"wp:term":[{"taxonomy":"product_brand","embeddable":true,"href":"https:\/\/www.opticagracia.com\/fr\/wp-json\/wp\/v2\/product_brand?post=18980"},{"taxonomy":"product_cat","embeddable":true,"href":"https:\/\/www.opticagracia.com\/fr\/wp-json\/wp\/v2\/product_cat?post=18980"},{"taxonomy":"product_tag","embeddable":true,"href":"https:\/\/www.opticagracia.com\/fr\/wp-json\/wp\/v2\/product_tag?post=18980"}],"curies":[{"name":"wp","href":"https:\/\/api.w.org\/{rel}","templated":true}]}}

<p>La prestigieuse marque de mode italienne Furla, connue pour sa magnifique collection d'accessoires et notamment ses sacs à main à succès, nous surprend avec une belle collection de montures de lunettes de soleil et de lunettes de vue.</p>
<p>Lunettes de soleil Furla 787 07UX, lunettes de soleil en métal de forme géométrique avec un embellissement en pâte de part et d'autre des verres avec un imprimé animal et des verres en dégradé de violet à orange.</p>

<p>Lunettes de soleil Furla 787 07UX, lunettes de soleil en métal de forme géométrique avec un embellissement en pâte de part et d'autre des verres avec un imprimé animal et des verres en dégradé de violet à orange.</p>
